{"id":57179,"date":"2026-03-19T17:50:27","date_gmt":"2026-03-19T20:50:27","guid":{"rendered":"https:\/\/projetopack.com.br\/?post_type=agenda&#038;p=57179"},"modified":"2026-03-19T17:50:27","modified_gmt":"2026-03-19T20:50:27","slug":"future-print","status":"publish","type":"agenda","link":"https:\/\/projetopack.com.br\/en\/agenda\/future-print\/","title":{"rendered":"Future Print"},"content":{"rendered":"<h1 class=\"HeaderVariant1_title__4xsXK TextField_text__jq_lp TextField_h-4__rB3VP informa-module-text-field informa-module-title c-brand-primary text-left\"><strong>FuturePrint &#8211; \u00a0A maior feira de Comunica\u00e7\u00e3o Visual, Serigrafia e Impress\u00e3o Digital T\u00eaxtil.<\/strong><\/h1>\n<div class=\"HeaderVariant1_intro__IBeok TextField_text__jq_lp TextField_text-regular__dmjTE informa-module-text-field informa-module-intro c-inherit text-left informa-formatted-text\">\n<p>A FuturePrint j\u00e1 se consolidou como o principal evento do setor, atraindo, em sua \u00faltima edi\u00e7\u00e3o, mais de<strong>\u00a045 mil visitantes altamente qualificados<\/strong>, todos em busca de oportunidades, conex\u00f5es e inova\u00e7\u00f5es que impulsionam o mercado.<\/p>\n<p>E agora em 2026, prepare-se para algo ainda mais extraordin\u00e1rio! De\u00a0<strong>14 a 17 de julho, no Distrito Anhembi,<\/strong>\u00a0a FuturePrint promete uma edi\u00e7\u00e3o \u00e9pica, repleta de energia e inova\u00e7\u00e3o. Ser\u00e3o dias incr\u00edveis, com a presen\u00e7a de tomadores de decis\u00e3o, palestras transformadoras, networking de alto n\u00edvel, workshops pr\u00e1ticos e uma exposi\u00e7\u00e3o impressionante.<\/p>\n<\/div>","protected":false},"excerpt":{"rendered":"<p>FuturePrint &#8211; \u00a0A maior feira de Comunica\u00e7\u00e3o Visual, Serigrafia e Impress\u00e3o Digital T\u00eaxtil. A FuturePrint j\u00e1 se consolidou como o principal evento do setor, atraindo, em sua \u00faltima edi\u00e7\u00e3o, mais de\u00a045 mil visitantes altamente qualificados, todos em busca de oportunidades, conex\u00f5es e inova\u00e7\u00f5es que impulsionam o mercado. E agora em 2026, prepare-se para algo ainda [&hellip;]<\/p>\n","protected":false},"featured_media":57180,"template":"","tags":[1170],"class_list":["post-57179","agenda","type-agenda","status-publish","has-post-thumbnail","hentry","tag-future-print"],"yoast_head":"<!-- This site is optimized with the Yoast SEO Premium plugin v27.1 (Yoast SEO v27.1.1) - https:\/\/yoast.com\/product\/yoast-seo-premium-wordpress\/ -->\n<title>Future Print - ProjetoPack<\/title>\n<meta name=\"robots\" content=\"index, follow, max-snippet:-1, max-image-preview:large, max-video-preview:-1\" \/>\n<link rel=\"canonical\" href=\"https:\/\/projetopack.com.br\/en\/agenda\/future-print\/\" \/>\n<meta property=\"og:locale\" content=\"en_US\" \/>\n<meta property=\"og:type\" content=\"article\" \/>\n<meta property=\"og:title\" content=\"Future Print\" \/>\n<meta property=\"og:description\" content=\"FuturePrint &#8211; \u00a0A maior feira de Comunica\u00e7\u00e3o Visual, Serigrafia e Impress\u00e3o Digital T\u00eaxtil. A FuturePrint j\u00e1 se consolidou como o principal evento do setor, atraindo, em sua \u00faltima edi\u00e7\u00e3o, mais de\u00a045 mil visitantes altamente qualificados, todos em busca de oportunidades, conex\u00f5es e inova\u00e7\u00f5es que impulsionam o mercado. E agora em 2026, prepare-se para algo ainda [&hellip;]\" \/>\n<meta property=\"og:url\" content=\"https:\/\/projetopack.com.br\/en\/agenda\/future-print\/\" \/>\n<meta property=\"og:site_name\" content=\"ProjetoPack\" \/>\n<meta property=\"og:image\" content=\"https:\/\/projetopack.com.br\/wp-content\/uploads\/2026\/03\/OIP-1.jpg\" \/>\n\t<meta property=\"og:image:width\" content=\"474\" \/>\n\t<meta property=\"og:image:height\" content=\"177\" \/>\n\t<meta property=\"og:image:type\" content=\"image\/jpeg\" \/>\n<meta name=\"twitter:card\" content=\"summary_large_image\" \/>\n<meta name=\"twitter:site\" content=\"@ProjetoPack\" \/>\n<meta name=\"twitter:label1\" content=\"Est. reading time\" \/>\n\t<meta name=\"twitter:data1\" content=\"1 minute\" \/>\n<script type=\"application\/ld+json\" class=\"yoast-schema-graph\">{\"@context\":\"https:\/\/schema.org\",\"@graph\":[{\"@type\":\"WebPage\",\"@id\":\"https:\/\/projetopack.com.br\/agenda\/future-print\/\",\"url\":\"https:\/\/projetopack.com.br\/agenda\/future-print\/\",\"name\":\"Future Print - ProjetoPack\",\"isPartOf\":{\"@id\":\"https:\/\/projetopack.com.br\/#website\"},\"primaryImageOfPage\":{\"@id\":\"https:\/\/projetopack.com.br\/agenda\/future-print\/#primaryimage\"},\"image\":{\"@id\":\"https:\/\/projetopack.com.br\/agenda\/future-print\/#primaryimage\"},\"thumbnailUrl\":\"https:\/\/projetopack.com.br\/wp-content\/uploads\/2026\/03\/OIP-1.jpg\",\"datePublished\":\"2026-03-19T20:50:27+00:00\",\"breadcrumb\":{\"@id\":\"https:\/\/projetopack.com.br\/agenda\/future-print\/#breadcrumb\"},\"inLanguage\":\"en-US\",\"potentialAction\":[{\"@type\":\"ReadAction\",\"target\":[\"https:\/\/projetopack.com.br\/agenda\/future-print\/\"]}]},{\"@type\":\"ImageObject\",\"inLanguage\":\"en-US\",\"@id\":\"https:\/\/projetopack.com.br\/agenda\/future-print\/#primaryimage\",\"url\":\"https:\/\/projetopack.com.br\/wp-content\/uploads\/2026\/03\/OIP-1.jpg\",\"contentUrl\":\"https:\/\/projetopack.com.br\/wp-content\/uploads\/2026\/03\/OIP-1.jpg\",\"width\":474,\"height\":177},{\"@type\":\"BreadcrumbList\",\"@id\":\"https:\/\/projetopack.com.br\/agenda\/future-print\/#breadcrumb\",\"itemListElement\":[{\"@type\":\"ListItem\",\"position\":1,\"name\":\"P\u00e1gina Inicial\",\"item\":\"https:\/\/projetopack.com.br\/\"},{\"@type\":\"ListItem\",\"position\":2,\"name\":\"Evento\",\"item\":\"https:\/\/projetopack.com.br\/agenda\/\"},{\"@type\":\"ListItem\",\"position\":3,\"name\":\"Future Print\"}]},{\"@type\":\"WebSite\",\"@id\":\"https:\/\/projetopack.com.br\/#website\",\"url\":\"https:\/\/projetopack.com.br\/\",\"name\":\"ProjetoPack\",\"description\":\"Consultoria e servi\u00e7os para embalagens, r\u00f3tulos, etiquetas e processos de impress\u00e3o\",\"publisher\":{\"@id\":\"https:\/\/projetopack.com.br\/#organization\"},\"potentialAction\":[{\"@type\":\"SearchAction\",\"target\":{\"@type\":\"EntryPoint\",\"urlTemplate\":\"https:\/\/projetopack.com.br\/?s={search_term_string}\"},\"query-input\":{\"@type\":\"PropertyValueSpecification\",\"valueRequired\":true,\"valueName\":\"search_term_string\"}}],\"inLanguage\":\"en-US\"},{\"@type\":\"Organization\",\"@id\":\"https:\/\/projetopack.com.br\/#organization\",\"name\":\"ProjetoPack & Associados\",\"url\":\"https:\/\/projetopack.com.br\/\",\"logo\":{\"@type\":\"ImageObject\",\"inLanguage\":\"en-US\",\"@id\":\"https:\/\/projetopack.com.br\/#\/schema\/logo\/image\/\",\"url\":\"https:\/\/projetopack.com.br\/wp-content\/uploads\/2020\/09\/projetopack.png\",\"contentUrl\":\"https:\/\/projetopack.com.br\/wp-content\/uploads\/2020\/09\/projetopack.png\",\"width\":200,\"height\":200,\"caption\":\"ProjetoPack & Associados\"},\"image\":{\"@id\":\"https:\/\/projetopack.com.br\/#\/schema\/logo\/image\/\"},\"sameAs\":[\"https:\/\/x.com\/ProjetoPack\",\"https:\/\/www.linkedin.com\/company\/projetopack\/\"]}]}<\/script>\n<!-- \/ Yoast SEO Premium plugin. -->","yoast_head_json":{"title":"Future Print - ProjetoPack","robots":{"index":"index","follow":"follow","max-snippet":"max-snippet:-1","max-image-preview":"max-image-preview:large","max-video-preview":"max-video-preview:-1"},"canonical":"https:\/\/projetopack.com.br\/en\/agenda\/future-print\/","og_locale":"en_US","og_type":"article","og_title":"Future Print","og_description":"FuturePrint &#8211; \u00a0A maior feira de Comunica\u00e7\u00e3o Visual, Serigrafia e Impress\u00e3o Digital T\u00eaxtil. A FuturePrint j\u00e1 se consolidou como o principal evento do setor, atraindo, em sua \u00faltima edi\u00e7\u00e3o, mais de\u00a045 mil visitantes altamente qualificados, todos em busca de oportunidades, conex\u00f5es e inova\u00e7\u00f5es que impulsionam o mercado. E agora em 2026, prepare-se para algo ainda [&hellip;]","og_url":"https:\/\/projetopack.com.br\/en\/agenda\/future-print\/","og_site_name":"ProjetoPack","og_image":[{"width":474,"height":177,"url":"https:\/\/projetopack.com.br\/wp-content\/uploads\/2026\/03\/OIP-1.jpg","type":"image\/jpeg"}],"twitter_card":"summary_large_image","twitter_site":"@ProjetoPack","twitter_misc":{"Est. reading time":"1 minute"},"schema":{"@context":"https:\/\/schema.org","@graph":[{"@type":"WebPage","@id":"https:\/\/projetopack.com.br\/agenda\/future-print\/","url":"https:\/\/projetopack.com.br\/agenda\/future-print\/","name":"Future Print - ProjetoPack","isPartOf":{"@id":"https:\/\/projetopack.com.br\/#website"},"primaryImageOfPage":{"@id":"https:\/\/projetopack.com.br\/agenda\/future-print\/#primaryimage"},"image":{"@id":"https:\/\/projetopack.com.br\/agenda\/future-print\/#primaryimage"},"thumbnailUrl":"https:\/\/projetopack.com.br\/wp-content\/uploads\/2026\/03\/OIP-1.jpg","datePublished":"2026-03-19T20:50:27+00:00","breadcrumb":{"@id":"https:\/\/projetopack.com.br\/agenda\/future-print\/#breadcrumb"},"inLanguage":"en-US","potentialAction":[{"@type":"ReadAction","target":["https:\/\/projetopack.com.br\/agenda\/future-print\/"]}]},{"@type":"ImageObject","inLanguage":"en-US","@id":"https:\/\/projetopack.com.br\/agenda\/future-print\/#primaryimage","url":"https:\/\/projetopack.com.br\/wp-content\/uploads\/2026\/03\/OIP-1.jpg","contentUrl":"https:\/\/projetopack.com.br\/wp-content\/uploads\/2026\/03\/OIP-1.jpg","width":474,"height":177},{"@type":"BreadcrumbList","@id":"https:\/\/projetopack.com.br\/agenda\/future-print\/#breadcrumb","itemListElement":[{"@type":"ListItem","position":1,"name":"P\u00e1gina Inicial","item":"https:\/\/projetopack.com.br\/"},{"@type":"ListItem","position":2,"name":"Evento","item":"https:\/\/projetopack.com.br\/agenda\/"},{"@type":"ListItem","position":3,"name":"Future Print"}]},{"@type":"WebSite","@id":"https:\/\/projetopack.com.br\/#website","url":"https:\/\/projetopack.com.br\/","name":"ProjetoPack","description":"Consultoria e servi\u00e7os para embalagens, r\u00f3tulos, etiquetas e processos de impress\u00e3o","publisher":{"@id":"https:\/\/projetopack.com.br\/#organization"},"potentialAction":[{"@type":"SearchAction","target":{"@type":"EntryPoint","urlTemplate":"https:\/\/projetopack.com.br\/?s={search_term_string}"},"query-input":{"@type":"PropertyValueSpecification","valueRequired":true,"valueName":"search_term_string"}}],"inLanguage":"en-US"},{"@type":"Organization","@id":"https:\/\/projetopack.com.br\/#organization","name":"ProjetoPack & Associados","url":"https:\/\/projetopack.com.br\/","logo":{"@type":"ImageObject","inLanguage":"en-US","@id":"https:\/\/projetopack.com.br\/#\/schema\/logo\/image\/","url":"https:\/\/projetopack.com.br\/wp-content\/uploads\/2020\/09\/projetopack.png","contentUrl":"https:\/\/projetopack.com.br\/wp-content\/uploads\/2020\/09\/projetopack.png","width":200,"height":200,"caption":"ProjetoPack & Associados"},"image":{"@id":"https:\/\/projetopack.com.br\/#\/schema\/logo\/image\/"},"sameAs":["https:\/\/x.com\/ProjetoPack","https:\/\/www.linkedin.com\/company\/projetopack\/"]}]}},"_links":{"self":[{"href":"https:\/\/projetopack.com.br\/en\/wp-json\/wp\/v2\/agenda\/57179","targetHints":{"allow":["GET"]}}],"collection":[{"href":"https:\/\/projetopack.com.br\/en\/wp-json\/wp\/v2\/agenda"}],"about":[{"href":"https:\/\/projetopack.com.br\/en\/wp-json\/wp\/v2\/types\/agenda"}],"wp:featuredmedia":[{"embeddable":true,"href":"https:\/\/projetopack.com.br\/en\/wp-json\/wp\/v2\/media\/57180"}],"wp:attachment":[{"href":"https:\/\/projetopack.com.br\/en\/wp-json\/wp\/v2\/media?parent=57179"}],"wp:term":[{"taxonomy":"post_tag","embeddable":true,"href":"https:\/\/projetopack.com.br\/en\/wp-json\/wp\/v2\/tags?post=57179"}],"curies":[{"name":"wp","href":"https:\/\/api.w.org\/{rel}","templated":true}]}}

<h1 class="HeaderVariant1_title__4xsXK TextField_text__jq_lp TextField_h-4__rB3VP informa-module-text-field informa-module-title c-brand-primary text-left"><strong>FuturePrint &#8211;  A maior feira de Comunicação Visual, Serigrafia e Impressão Digital Têxtil.</strong></h1>
<div class="HeaderVariant1_intro__IBeok TextField_text__jq_lp TextField_text-regular__dmjTE informa-module-text-field informa-module-intro c-inherit text-left informa-formatted-text">
<p>A FuturePrint já se consolidou como o principal evento do setor, atraindo, em sua última edição, mais de<strong> 45 mil visitantes altamente qualificados</strong>, todos em busca de oportunidades, conexões e inovações que impulsionam o mercado.</p>
<p>E agora em 2026, prepare-se para algo ainda mais extraordinário! De <strong>14 a 17 de julho, no Distrito Anhembi,</strong> a FuturePrint promete uma edição épica, repleta de energia e inovação. Serão dias incríveis, com a presença de tomadores de decisão, palestras transformadoras, networking de alto nível, workshops práticos e uma exposição impressionante.</p>
</div>

<p>FuturePrint &#8211;  A maior feira de Comunicação Visual, Serigrafia e Impressão Digital Têxtil. A FuturePrint já se consolidou como o principal evento do setor, atraindo, em sua última edição, mais de 45 mil visitantes altamente qualificados, todos em busca de oportunidades, conexões e inovações que impulsionam o mercado. E agora em 2026, prepare-se para algo ainda [&hellip;]</p>

<!-- This site is optimized with the Yoast SEO Premium plugin v27.1 (Yoast SEO v27.1.1) - https://yoast.com/product/yoast-seo-premium-wordpress/ -->
<title>Future Print - ProjetoPack</title>
<meta name="robots" content="index, follow, max-snippet:-1, max-image-preview:large, max-video-preview:-1" />
<link rel="canonical" href="https://projetopack.com.br/en/agenda/future-print/" />
<meta property="og:locale" content="en_US" />
<meta property="og:type" content="article" />
<meta property="og:title" content="Future Print" />
<meta property="og:description" content="FuturePrint &#8211;  A maior feira de Comunicação Visual, Serigrafia e Impressão Digital Têxtil. A FuturePrint já se consolidou como o principal evento do setor, atraindo, em sua última edição, mais de 45 mil visitantes altamente qualificados, todos em busca de oportunidades, conexões e inovações que impulsionam o mercado. E agora em 2026, prepare-se para algo ainda [&hellip;]" />
<meta property="og:url" content="https://projetopack.com.br/en/agenda/future-print/" />
<meta property="og:site_name" content="ProjetoPack" />
<meta property="og:image" content="https://projetopack.com.br/wp-content/uploads/2026/03/OIP-1.jpg" />
	<meta property="og:image:width" content="474" />
	<meta property="og:image:height" content="177" />
	<meta property="og:image:type" content="image/jpeg" />
<meta name="twitter:card" content="summary_large_image" />
<meta name="twitter:site" content="@ProjetoPack" />
<meta name="twitter:label1" content="Est. reading time" />
	<meta name="twitter:data1" content="1 minute" />
<script type="application/ld+json" class="yoast-schema-graph">{"@context":"https://schema.org","@graph":[{"@type":"WebPage","@id":"https://projetopack.com.br/agenda/future-print/","url":"https://projetopack.com.br/agenda/future-print/","name":"Future Print - ProjetoPack","isPartOf":{"@id":"https://projetopack.com.br/#website"},"primaryImageOfPage":{"@id":"https://projetopack.com.br/agenda/future-print/#primaryimage"},"image":{"@id":"https://projetopack.com.br/agenda/future-print/#primaryimage"},"thumbnailUrl":"https://projetopack.com.br/wp-content/uploads/2026/03/OIP-1.jpg","datePublished":"2026-03-19T20:50:27+00:00","breadcrumb":{"@id":"https://projetopack.com.br/agenda/future-print/#breadcrumb"},"inLanguage":"en-US","potentialAction":[{"@type":"ReadAction","target":["https://projetopack.com.br/agenda/future-print/"]}]},{"@type":"ImageObject","inLanguage":"en-US","@id":"https://projetopack.com.br/agenda/future-print/#primaryimage","url":"https://projetopack.com.br/wp-content/uploads/2026/03/OIP-1.jpg","contentUrl":"https://projetopack.com.br/wp-content/uploads/2026/03/OIP-1.jpg","width":474,"height":177},{"@type":"BreadcrumbList","@id":"https://projetopack.com.br/agenda/future-print/#breadcrumb","itemListElement":[{"@type":"ListItem","position":1,"name":"Página Inicial","item":"https://projetopack.com.br/"},{"@type":"ListItem","position":2,"name":"Evento","item":"https://projetopack.com.br/agenda/"},{"@type":"ListItem","position":3,"name":"Future Print"}]},{"@type":"WebSite","@id":"https://projetopack.com.br/#website","url":"https://projetopack.com.br/","name":"ProjetoPack","description":"Consultoria e serviços para embalagens, rótulos, etiquetas e processos de impressão","publisher":{"@id":"https://projetopack.com.br/#organization"},"potentialAction":[{"@type":"SearchAction","target":{"@type":"EntryPoint","urlTemplate":"https://projetopack.com.br/?s={search_term_string}"},"query-input":{"@type":"PropertyValueSpecification","valueRequired":true,"valueName":"search_term_string"}}],"inLanguage":"en-US"},{"@type":"Organization","@id":"https://projetopack.com.br/#organization","name":"ProjetoPack & Associados","url":"https://projetopack.com.br/","logo":{"@type":"ImageObject","inLanguage":"en-US","@id":"https://projetopack.com.br/#/schema/logo/image/","url":"https://projetopack.com.br/wp-content/uploads/2020/09/projetopack.png","contentUrl":"https://projetopack.com.br/wp-content/uploads/2020/09/projetopack.png","width":200,"height":200,"caption":"ProjetoPack & Associados"},"image":{"@id":"https://projetopack.com.br/#/schema/logo/image/"},"sameAs":["https://x.com/ProjetoPack","https://www.linkedin.com/company/projetopack/"]}]}</script>
<!-- / Yoast SEO Premium plugin. -->

FuturePrint &#8211;  A maior feira de Comunicação Visual, Serigrafia e Impressão Digital Têxtil. A FuturePrint já se consolidou como o principal evento do setor, atraindo, em sua última edição, mais de 45 mil visitantes altamente qualificados, todos em busca de oportunidades, conexões e inovações que impulsionam o mercado. E agora em 2026, prepare-se para algo ainda [&hellip;]

Página Inicial

Consultoria e serviços para embalagens, rótulos, etiquetas e processos de impressão
