{"id":57186,"date":"2026-03-19T18:19:10","date_gmt":"2026-03-19T21:19:10","guid":{"rendered":"https:\/\/projetopack.com.br\/?post_type=agenda&#038;p=57186"},"modified":"2026-03-19T18:19:10","modified_gmt":"2026-03-19T21:19:10","slug":"pack-expo-international-2026","status":"publish","type":"agenda","link":"https:\/\/projetopack.com.br\/en\/agenda\/pack-expo-international-2026\/","title":{"rendered":"Pack Expo International 2026"},"content":{"rendered":"<p>Descubra solu\u00e7\u00f5es em movimento apresentadas por 2.600 expositores que exibem as mais recentes tecnologias de embalagem e processamento. Veja, compare e experimente as inova\u00e7\u00f5es de perto para encontrar a que melhor se adapta \u00e0 sua opera\u00e7\u00e3o.<\/p>","protected":false},"excerpt":{"rendered":"<p>Descubra solu\u00e7\u00f5es em movimento apresentadas por 2.600 expositores que exibem as mais recentes tecnologias de embalagem e processamento. Veja, compare e experimente as inova\u00e7\u00f5es de perto para encontrar a que melhor se adapta \u00e0 sua opera\u00e7\u00e3o.<\/p>","protected":false},"featured_media":57187,"template":"","tags":[472],"class_list":["post-57186","agenda","type-agenda","status-publish","has-post-thumbnail","hentry","tag-pack-expo"],"yoast_head":"<!-- This site is optimized with the Yoast SEO Premium plugin v27.1 (Yoast SEO v27.1.1) - https:\/\/yoast.com\/product\/yoast-seo-premium-wordpress\/ -->\n<title>Pack Expo International 2026 - ProjetoPack<\/title>\n<meta name=\"robots\" content=\"index, follow, max-snippet:-1, max-image-preview:large, max-video-preview:-1\" \/>\n<link rel=\"canonical\" href=\"https:\/\/projetopack.com.br\/en\/agenda\/pack-expo-international-2026\/\" \/>\n<meta property=\"og:locale\" content=\"en_US\" \/>\n<meta property=\"og:type\" content=\"article\" \/>\n<meta property=\"og:title\" content=\"Pack Expo International 2026\" \/>\n<meta property=\"og:description\" content=\"Descubra solu\u00e7\u00f5es em movimento apresentadas por 2.600 expositores que exibem as mais recentes tecnologias de embalagem e processamento. Veja, compare e experimente as inova\u00e7\u00f5es de perto para encontrar a que melhor se adapta \u00e0 sua opera\u00e7\u00e3o.\" \/>\n<meta property=\"og:url\" content=\"https:\/\/projetopack.com.br\/en\/agenda\/pack-expo-international-2026\/\" \/>\n<meta property=\"og:site_name\" content=\"ProjetoPack\" \/>\n<meta property=\"og:image\" content=\"https:\/\/projetopack.com.br\/wp-content\/uploads\/2026\/03\/693b05409ac66d441c80ecbd_PEI-logo.png\" \/>\n\t<meta property=\"og:image:width\" content=\"220\" \/>\n\t<meta property=\"og:image:height\" content=\"256\" \/>\n\t<meta property=\"og:image:type\" content=\"image\/png\" \/>\n<meta name=\"twitter:card\" content=\"summary_large_image\" \/>\n<meta name=\"twitter:site\" content=\"@ProjetoPack\" \/>\n<meta name=\"twitter:label1\" content=\"Est. reading time\" \/>\n\t<meta name=\"twitter:data1\" content=\"1 minute\" \/>\n<script type=\"application\/ld+json\" class=\"yoast-schema-graph\">{\"@context\":\"https:\/\/schema.org\",\"@graph\":[{\"@type\":\"WebPage\",\"@id\":\"https:\/\/projetopack.com.br\/agenda\/pack-expo-international-2026\/\",\"url\":\"https:\/\/projetopack.com.br\/agenda\/pack-expo-international-2026\/\",\"name\":\"Pack Expo International 2026 - ProjetoPack\",\"isPartOf\":{\"@id\":\"https:\/\/projetopack.com.br\/#website\"},\"primaryImageOfPage\":{\"@id\":\"https:\/\/projetopack.com.br\/agenda\/pack-expo-international-2026\/#primaryimage\"},\"image\":{\"@id\":\"https:\/\/projetopack.com.br\/agenda\/pack-expo-international-2026\/#primaryimage\"},\"thumbnailUrl\":\"https:\/\/projetopack.com.br\/wp-content\/uploads\/2026\/03\/693b05409ac66d441c80ecbd_PEI-logo.png\",\"datePublished\":\"2026-03-19T21:19:10+00:00\",\"breadcrumb\":{\"@id\":\"https:\/\/projetopack.com.br\/agenda\/pack-expo-international-2026\/#breadcrumb\"},\"inLanguage\":\"en-US\",\"potentialAction\":[{\"@type\":\"ReadAction\",\"target\":[\"https:\/\/projetopack.com.br\/agenda\/pack-expo-international-2026\/\"]}]},{\"@type\":\"ImageObject\",\"inLanguage\":\"en-US\",\"@id\":\"https:\/\/projetopack.com.br\/agenda\/pack-expo-international-2026\/#primaryimage\",\"url\":\"https:\/\/projetopack.com.br\/wp-content\/uploads\/2026\/03\/693b05409ac66d441c80ecbd_PEI-logo.png\",\"contentUrl\":\"https:\/\/projetopack.com.br\/wp-content\/uploads\/2026\/03\/693b05409ac66d441c80ecbd_PEI-logo.png\",\"width\":220,\"height\":256},{\"@type\":\"BreadcrumbList\",\"@id\":\"https:\/\/projetopack.com.br\/agenda\/pack-expo-international-2026\/#breadcrumb\",\"itemListElement\":[{\"@type\":\"ListItem\",\"position\":1,\"name\":\"P\u00e1gina Inicial\",\"item\":\"https:\/\/projetopack.com.br\/\"},{\"@type\":\"ListItem\",\"position\":2,\"name\":\"Evento\",\"item\":\"https:\/\/projetopack.com.br\/agenda\/\"},{\"@type\":\"ListItem\",\"position\":3,\"name\":\"Pack Expo International 2026\"}]},{\"@type\":\"WebSite\",\"@id\":\"https:\/\/projetopack.com.br\/#website\",\"url\":\"https:\/\/projetopack.com.br\/\",\"name\":\"ProjetoPack\",\"description\":\"Consultoria e servi\u00e7os para embalagens, r\u00f3tulos, etiquetas e processos de impress\u00e3o\",\"publisher\":{\"@id\":\"https:\/\/projetopack.com.br\/#organization\"},\"potentialAction\":[{\"@type\":\"SearchAction\",\"target\":{\"@type\":\"EntryPoint\",\"urlTemplate\":\"https:\/\/projetopack.com.br\/?s={search_term_string}\"},\"query-input\":{\"@type\":\"PropertyValueSpecification\",\"valueRequired\":true,\"valueName\":\"search_term_string\"}}],\"inLanguage\":\"en-US\"},{\"@type\":\"Organization\",\"@id\":\"https:\/\/projetopack.com.br\/#organization\",\"name\":\"ProjetoPack & Associados\",\"url\":\"https:\/\/projetopack.com.br\/\",\"logo\":{\"@type\":\"ImageObject\",\"inLanguage\":\"en-US\",\"@id\":\"https:\/\/projetopack.com.br\/#\/schema\/logo\/image\/\",\"url\":\"https:\/\/projetopack.com.br\/wp-content\/uploads\/2020\/09\/projetopack.png\",\"contentUrl\":\"https:\/\/projetopack.com.br\/wp-content\/uploads\/2020\/09\/projetopack.png\",\"width\":200,\"height\":200,\"caption\":\"ProjetoPack & Associados\"},\"image\":{\"@id\":\"https:\/\/projetopack.com.br\/#\/schema\/logo\/image\/\"},\"sameAs\":[\"https:\/\/x.com\/ProjetoPack\",\"https:\/\/www.linkedin.com\/company\/projetopack\/\"]}]}<\/script>\n<!-- \/ Yoast SEO Premium plugin. -->","yoast_head_json":{"title":"Pack Expo International 2026 - ProjetoPack","robots":{"index":"index","follow":"follow","max-snippet":"max-snippet:-1","max-image-preview":"max-image-preview:large","max-video-preview":"max-video-preview:-1"},"canonical":"https:\/\/projetopack.com.br\/en\/agenda\/pack-expo-international-2026\/","og_locale":"en_US","og_type":"article","og_title":"Pack Expo International 2026","og_description":"Descubra solu\u00e7\u00f5es em movimento apresentadas por 2.600 expositores que exibem as mais recentes tecnologias de embalagem e processamento. Veja, compare e experimente as inova\u00e7\u00f5es de perto para encontrar a que melhor se adapta \u00e0 sua opera\u00e7\u00e3o.","og_url":"https:\/\/projetopack.com.br\/en\/agenda\/pack-expo-international-2026\/","og_site_name":"ProjetoPack","og_image":[{"width":220,"height":256,"url":"https:\/\/projetopack.com.br\/wp-content\/uploads\/2026\/03\/693b05409ac66d441c80ecbd_PEI-logo.png","type":"image\/png"}],"twitter_card":"summary_large_image","twitter_site":"@ProjetoPack","twitter_misc":{"Est. reading time":"1 minute"},"schema":{"@context":"https:\/\/schema.org","@graph":[{"@type":"WebPage","@id":"https:\/\/projetopack.com.br\/agenda\/pack-expo-international-2026\/","url":"https:\/\/projetopack.com.br\/agenda\/pack-expo-international-2026\/","name":"Pack Expo International 2026 - ProjetoPack","isPartOf":{"@id":"https:\/\/projetopack.com.br\/#website"},"primaryImageOfPage":{"@id":"https:\/\/projetopack.com.br\/agenda\/pack-expo-international-2026\/#primaryimage"},"image":{"@id":"https:\/\/projetopack.com.br\/agenda\/pack-expo-international-2026\/#primaryimage"},"thumbnailUrl":"https:\/\/projetopack.com.br\/wp-content\/uploads\/2026\/03\/693b05409ac66d441c80ecbd_PEI-logo.png","datePublished":"2026-03-19T21:19:10+00:00","breadcrumb":{"@id":"https:\/\/projetopack.com.br\/agenda\/pack-expo-international-2026\/#breadcrumb"},"inLanguage":"en-US","potentialAction":[{"@type":"ReadAction","target":["https:\/\/projetopack.com.br\/agenda\/pack-expo-international-2026\/"]}]},{"@type":"ImageObject","inLanguage":"en-US","@id":"https:\/\/projetopack.com.br\/agenda\/pack-expo-international-2026\/#primaryimage","url":"https:\/\/projetopack.com.br\/wp-content\/uploads\/2026\/03\/693b05409ac66d441c80ecbd_PEI-logo.png","contentUrl":"https:\/\/projetopack.com.br\/wp-content\/uploads\/2026\/03\/693b05409ac66d441c80ecbd_PEI-logo.png","width":220,"height":256},{"@type":"BreadcrumbList","@id":"https:\/\/projetopack.com.br\/agenda\/pack-expo-international-2026\/#breadcrumb","itemListElement":[{"@type":"ListItem","position":1,"name":"P\u00e1gina Inicial","item":"https:\/\/projetopack.com.br\/"},{"@type":"ListItem","position":2,"name":"Evento","item":"https:\/\/projetopack.com.br\/agenda\/"},{"@type":"ListItem","position":3,"name":"Pack Expo International 2026"}]},{"@type":"WebSite","@id":"https:\/\/projetopack.com.br\/#website","url":"https:\/\/projetopack.com.br\/","name":"ProjetoPack","description":"Consultoria e servi\u00e7os para embalagens, r\u00f3tulos, etiquetas e processos de impress\u00e3o","publisher":{"@id":"https:\/\/projetopack.com.br\/#organization"},"potentialAction":[{"@type":"SearchAction","target":{"@type":"EntryPoint","urlTemplate":"https:\/\/projetopack.com.br\/?s={search_term_string}"},"query-input":{"@type":"PropertyValueSpecification","valueRequired":true,"valueName":"search_term_string"}}],"inLanguage":"en-US"},{"@type":"Organization","@id":"https:\/\/projetopack.com.br\/#organization","name":"ProjetoPack & Associados","url":"https:\/\/projetopack.com.br\/","logo":{"@type":"ImageObject","inLanguage":"en-US","@id":"https:\/\/projetopack.com.br\/#\/schema\/logo\/image\/","url":"https:\/\/projetopack.com.br\/wp-content\/uploads\/2020\/09\/projetopack.png","contentUrl":"https:\/\/projetopack.com.br\/wp-content\/uploads\/2020\/09\/projetopack.png","width":200,"height":200,"caption":"ProjetoPack & Associados"},"image":{"@id":"https:\/\/projetopack.com.br\/#\/schema\/logo\/image\/"},"sameAs":["https:\/\/x.com\/ProjetoPack","https:\/\/www.linkedin.com\/company\/projetopack\/"]}]}},"_links":{"self":[{"href":"https:\/\/projetopack.com.br\/en\/wp-json\/wp\/v2\/agenda\/57186","targetHints":{"allow":["GET"]}}],"collection":[{"href":"https:\/\/projetopack.com.br\/en\/wp-json\/wp\/v2\/agenda"}],"about":[{"href":"https:\/\/projetopack.com.br\/en\/wp-json\/wp\/v2\/types\/agenda"}],"wp:featuredmedia":[{"embeddable":true,"href":"https:\/\/projetopack.com.br\/en\/wp-json\/wp\/v2\/media\/57187"}],"wp:attachment":[{"href":"https:\/\/projetopack.com.br\/en\/wp-json\/wp\/v2\/media?parent=57186"}],"wp:term":[{"taxonomy":"post_tag","embeddable":true,"href":"https:\/\/projetopack.com.br\/en\/wp-json\/wp\/v2\/tags?post=57186"}],"curies":[{"name":"wp","href":"https:\/\/api.w.org\/{rel}","templated":true}]}}

<p>Descubra soluções em movimento apresentadas por 2.600 expositores que exibem as mais recentes tecnologias de embalagem e processamento. Veja, compare e experimente as inovações de perto para encontrar a que melhor se adapta à sua operação.</p>

<!-- This site is optimized with the Yoast SEO Premium plugin v27.1 (Yoast SEO v27.1.1) - https://yoast.com/product/yoast-seo-premium-wordpress/ -->
<title>Pack Expo International 2026 - ProjetoPack</title>
<meta name="robots" content="index, follow, max-snippet:-1, max-image-preview:large, max-video-preview:-1" />
<link rel="canonical" href="https://projetopack.com.br/en/agenda/pack-expo-international-2026/" />
<meta property="og:locale" content="en_US" />
<meta property="og:type" content="article" />
<meta property="og:title" content="Pack Expo International 2026" />
<meta property="og:description" content="Descubra soluções em movimento apresentadas por 2.600 expositores que exibem as mais recentes tecnologias de embalagem e processamento. Veja, compare e experimente as inovações de perto para encontrar a que melhor se adapta à sua operação." />
<meta property="og:url" content="https://projetopack.com.br/en/agenda/pack-expo-international-2026/" />
<meta property="og:site_name" content="ProjetoPack" />
<meta property="og:image" content="https://projetopack.com.br/wp-content/uploads/2026/03/693b05409ac66d441c80ecbd_PEI-logo.png" />
	<meta property="og:image:width" content="220" />
	<meta property="og:image:height" content="256" />
	<meta property="og:image:type" content="image/png" />
<meta name="twitter:card" content="summary_large_image" />
<meta name="twitter:site" content="@ProjetoPack" />
<meta name="twitter:label1" content="Est. reading time" />
	<meta name="twitter:data1" content="1 minute" />
<script type="application/ld+json" class="yoast-schema-graph">{"@context":"https://schema.org","@graph":[{"@type":"WebPage","@id":"https://projetopack.com.br/agenda/pack-expo-international-2026/","url":"https://projetopack.com.br/agenda/pack-expo-international-2026/","name":"Pack Expo International 2026 - ProjetoPack","isPartOf":{"@id":"https://projetopack.com.br/#website"},"primaryImageOfPage":{"@id":"https://projetopack.com.br/agenda/pack-expo-international-2026/#primaryimage"},"image":{"@id":"https://projetopack.com.br/agenda/pack-expo-international-2026/#primaryimage"},"thumbnailUrl":"https://projetopack.com.br/wp-content/uploads/2026/03/693b05409ac66d441c80ecbd_PEI-logo.png","datePublished":"2026-03-19T21:19:10+00:00","breadcrumb":{"@id":"https://projetopack.com.br/agenda/pack-expo-international-2026/#breadcrumb"},"inLanguage":"en-US","potentialAction":[{"@type":"ReadAction","target":["https://projetopack.com.br/agenda/pack-expo-international-2026/"]}]},{"@type":"ImageObject","inLanguage":"en-US","@id":"https://projetopack.com.br/agenda/pack-expo-international-2026/#primaryimage","url":"https://projetopack.com.br/wp-content/uploads/2026/03/693b05409ac66d441c80ecbd_PEI-logo.png","contentUrl":"https://projetopack.com.br/wp-content/uploads/2026/03/693b05409ac66d441c80ecbd_PEI-logo.png","width":220,"height":256},{"@type":"BreadcrumbList","@id":"https://projetopack.com.br/agenda/pack-expo-international-2026/#breadcrumb","itemListElement":[{"@type":"ListItem","position":1,"name":"Página Inicial","item":"https://projetopack.com.br/"},{"@type":"ListItem","position":2,"name":"Evento","item":"https://projetopack.com.br/agenda/"},{"@type":"ListItem","position":3,"name":"Pack Expo International 2026"}]},{"@type":"WebSite","@id":"https://projetopack.com.br/#website","url":"https://projetopack.com.br/","name":"ProjetoPack","description":"Consultoria e serviços para embalagens, rótulos, etiquetas e processos de impressão","publisher":{"@id":"https://projetopack.com.br/#organization"},"potentialAction":[{"@type":"SearchAction","target":{"@type":"EntryPoint","urlTemplate":"https://projetopack.com.br/?s={search_term_string}"},"query-input":{"@type":"PropertyValueSpecification","valueRequired":true,"valueName":"search_term_string"}}],"inLanguage":"en-US"},{"@type":"Organization","@id":"https://projetopack.com.br/#organization","name":"ProjetoPack & Associados","url":"https://projetopack.com.br/","logo":{"@type":"ImageObject","inLanguage":"en-US","@id":"https://projetopack.com.br/#/schema/logo/image/","url":"https://projetopack.com.br/wp-content/uploads/2020/09/projetopack.png","contentUrl":"https://projetopack.com.br/wp-content/uploads/2020/09/projetopack.png","width":200,"height":200,"caption":"ProjetoPack & Associados"},"image":{"@id":"https://projetopack.com.br/#/schema/logo/image/"},"sameAs":["https://x.com/ProjetoPack","https://www.linkedin.com/company/projetopack/"]}]}</script>
<!-- / Yoast SEO Premium plugin. -->

Descubra soluções em movimento apresentadas por 2.600 expositores que exibem as mais recentes tecnologias de embalagem e processamento. Veja, compare e experimente as inovações de perto para encontrar a que melhor se adapta à sua operação.

Página Inicial

Consultoria e serviços para embalagens, rótulos, etiquetas e processos de impressão
