{"id":7891,"date":"2020-11-12T17:33:05","date_gmt":"2020-11-12T20:33:05","guid":{"rendered":"https:\/\/www.projetopack.com.br\/2020\/wp-content\/uploads\/2020\/11\/noticia-reciclagem.jpg"},"modified":"2020-11-12T17:33:05","modified_gmt":"2020-11-12T20:33:05","slug":"noticia-reciclagem","status":"inherit","type":"attachment","link":"https:\/\/projetopack.com.br\/en\/raspas-e-restos-tambem-me-interessam-desafios-e-solucoes-para-a-adocao-do-modelo-circular\/noticia-reciclagem\/","title":{"rendered":"noticia-reciclagem"},"author":18,"featured_media":0,"comment_status":"open","ping_status":"closed","template":"","meta":[],"class_list":["post-7891","attachment","type-attachment","status-inherit","hentry"],"yoast_head":"<!-- This site is optimized with the Yoast SEO Premium plugin v27.1 (Yoast SEO v27.1.1) - https:\/\/yoast.com\/product\/yoast-seo-premium-wordpress\/ -->\n<title>noticia-reciclagem - ProjetoPack<\/title>\n<meta name=\"robots\" content=\"index, follow, max-snippet:-1, max-image-preview:large, max-video-preview:-1\" \/>\n<link rel=\"canonical\" href=\"https:\/\/projetopack.com.br\/wp-content\/uploads\/2020\/11\/noticia-reciclagem.jpg\" \/>\n<meta property=\"og:locale\" content=\"en_US\" \/>\n<meta property=\"og:type\" content=\"article\" \/>\n<meta property=\"og:title\" content=\"noticia-reciclagem - ProjetoPack\" \/>\n<meta property=\"og:url\" content=\"https:\/\/projetopack.com.br\/wp-content\/uploads\/2020\/11\/noticia-reciclagem.jpg\" \/>\n<meta property=\"og:site_name\" content=\"ProjetoPack\" \/>\n<meta property=\"og:image\" content=\"https:\/\/projetopack.com.br\/wp-content\/uploads\/2020\/11\/noticia-reciclagem.jpg\" \/>\n\t<meta property=\"og:image:width\" content=\"980\" \/>\n\t<meta property=\"og:image:height\" content=\"600\" \/>\n\t<meta property=\"og:image:type\" content=\"image\/jpeg\" \/>\n<meta name=\"twitter:card\" content=\"summary_large_image\" \/>\n<meta name=\"twitter:site\" content=\"@ProjetoPack\" \/>\n<script type=\"application\/ld+json\" class=\"yoast-schema-graph\">{\"@context\":\"https:\/\/schema.org\",\"@graph\":[{\"@type\":\"WebPage\",\"@id\":\"https:\/\/projetopack.com.br\/wp-content\/uploads\/2020\/11\/noticia-reciclagem.jpg\",\"url\":\"https:\/\/projetopack.com.br\/wp-content\/uploads\/2020\/11\/noticia-reciclagem.jpg\",\"name\":\"noticia-reciclagem - ProjetoPack\",\"isPartOf\":{\"@id\":\"https:\/\/projetopack.com.br\/#website\"},\"datePublished\":\"2020-11-12T20:33:05+00:00\",\"breadcrumb\":{\"@id\":\"https:\/\/projetopack.com.br\/wp-content\/uploads\/2020\/11\/noticia-reciclagem.jpg#breadcrumb\"},\"inLanguage\":\"en-US\",\"potentialAction\":[{\"@type\":\"ReadAction\",\"target\":[\"https:\/\/projetopack.com.br\/wp-content\/uploads\/2020\/11\/noticia-reciclagem.jpg\"]}]},{\"@type\":\"BreadcrumbList\",\"@id\":\"https:\/\/projetopack.com.br\/wp-content\/uploads\/2020\/11\/noticia-reciclagem.jpg#breadcrumb\",\"itemListElement\":[{\"@type\":\"ListItem\",\"position\":1,\"name\":\"P\u00e1gina Inicial\",\"item\":\"https:\/\/projetopack.com.br\/\"},{\"@type\":\"ListItem\",\"position\":2,\"name\":\"Opini\u00e3o\",\"item\":\"https:\/\/projetopack.com.br\/en\/category\/opiniao\/\"},{\"@type\":\"ListItem\",\"position\":3,\"name\":\"Raspas e Restos Tamb\u00e9m Me Interessam: Desafios e Solu\u00e7\u00f5es para a Ado\u00e7\u00e3o do Modelo Circular\",\"item\":\"https:\/\/projetopack.com.br\/en\/raspas-e-restos-tambem-me-interessam-desafios-e-solucoes-para-a-adocao-do-modelo-circular\/\"},{\"@type\":\"ListItem\",\"position\":4,\"name\":\"noticia-reciclagem\"}]},{\"@type\":\"WebSite\",\"@id\":\"https:\/\/projetopack.com.br\/#website\",\"url\":\"https:\/\/projetopack.com.br\/\",\"name\":\"ProjetoPack\",\"description\":\"Consultoria e servi\u00e7os para embalagens, r\u00f3tulos, etiquetas e processos de impress\u00e3o\",\"publisher\":{\"@id\":\"https:\/\/projetopack.com.br\/#organization\"},\"potentialAction\":[{\"@type\":\"SearchAction\",\"target\":{\"@type\":\"EntryPoint\",\"urlTemplate\":\"https:\/\/projetopack.com.br\/?s={search_term_string}\"},\"query-input\":{\"@type\":\"PropertyValueSpecification\",\"valueRequired\":true,\"valueName\":\"search_term_string\"}}],\"inLanguage\":\"en-US\"},{\"@type\":\"Organization\",\"@id\":\"https:\/\/projetopack.com.br\/#organization\",\"name\":\"ProjetoPack & Associados\",\"url\":\"https:\/\/projetopack.com.br\/\",\"logo\":{\"@type\":\"ImageObject\",\"inLanguage\":\"en-US\",\"@id\":\"https:\/\/projetopack.com.br\/#\/schema\/logo\/image\/\",\"url\":\"https:\/\/projetopack.com.br\/wp-content\/uploads\/2020\/09\/projetopack.png\",\"contentUrl\":\"https:\/\/projetopack.com.br\/wp-content\/uploads\/2020\/09\/projetopack.png\",\"width\":200,\"height\":200,\"caption\":\"ProjetoPack & Associados\"},\"image\":{\"@id\":\"https:\/\/projetopack.com.br\/#\/schema\/logo\/image\/\"},\"sameAs\":[\"https:\/\/x.com\/ProjetoPack\",\"https:\/\/www.linkedin.com\/company\/projetopack\/\"]}]}<\/script>\n<!-- \/ Yoast SEO Premium plugin. -->","yoast_head_json":{"title":"noticia-reciclagem - ProjetoPack","robots":{"index":"index","follow":"follow","max-snippet":"max-snippet:-1","max-image-preview":"max-image-preview:large","max-video-preview":"max-video-preview:-1"},"canonical":"https:\/\/projetopack.com.br\/wp-content\/uploads\/2020\/11\/noticia-reciclagem.jpg","og_locale":"en_US","og_type":"article","og_title":"noticia-reciclagem - ProjetoPack","og_url":"https:\/\/projetopack.com.br\/wp-content\/uploads\/2020\/11\/noticia-reciclagem.jpg","og_site_name":"ProjetoPack","og_image":[{"width":980,"height":600,"url":"https:\/\/projetopack.com.br\/wp-content\/uploads\/2020\/11\/noticia-reciclagem.jpg","type":"image\/jpeg"}],"twitter_card":"summary_large_image","twitter_site":"@ProjetoPack","schema":{"@context":"https:\/\/schema.org","@graph":[{"@type":"WebPage","@id":"https:\/\/projetopack.com.br\/wp-content\/uploads\/2020\/11\/noticia-reciclagem.jpg","url":"https:\/\/projetopack.com.br\/wp-content\/uploads\/2020\/11\/noticia-reciclagem.jpg","name":"noticia-reciclagem - ProjetoPack","isPartOf":{"@id":"https:\/\/projetopack.com.br\/#website"},"datePublished":"2020-11-12T20:33:05+00:00","breadcrumb":{"@id":"https:\/\/projetopack.com.br\/wp-content\/uploads\/2020\/11\/noticia-reciclagem.jpg#breadcrumb"},"inLanguage":"en-US","potentialAction":[{"@type":"ReadAction","target":["https:\/\/projetopack.com.br\/wp-content\/uploads\/2020\/11\/noticia-reciclagem.jpg"]}]},{"@type":"BreadcrumbList","@id":"https:\/\/projetopack.com.br\/wp-content\/uploads\/2020\/11\/noticia-reciclagem.jpg#breadcrumb","itemListElement":[{"@type":"ListItem","position":1,"name":"P\u00e1gina Inicial","item":"https:\/\/projetopack.com.br\/"},{"@type":"ListItem","position":2,"name":"Opini\u00e3o","item":"https:\/\/projetopack.com.br\/en\/category\/opiniao\/"},{"@type":"ListItem","position":3,"name":"Raspas e Restos Tamb\u00e9m Me Interessam: Desafios e Solu\u00e7\u00f5es para a Ado\u00e7\u00e3o do Modelo Circular","item":"https:\/\/projetopack.com.br\/en\/raspas-e-restos-tambem-me-interessam-desafios-e-solucoes-para-a-adocao-do-modelo-circular\/"},{"@type":"ListItem","position":4,"name":"noticia-reciclagem"}]},{"@type":"WebSite","@id":"https:\/\/projetopack.com.br\/#website","url":"https:\/\/projetopack.com.br\/","name":"ProjetoPack","description":"Consultoria e servi\u00e7os para embalagens, r\u00f3tulos, etiquetas e processos de impress\u00e3o","publisher":{"@id":"https:\/\/projetopack.com.br\/#organization"},"potentialAction":[{"@type":"SearchAction","target":{"@type":"EntryPoint","urlTemplate":"https:\/\/projetopack.com.br\/?s={search_term_string}"},"query-input":{"@type":"PropertyValueSpecification","valueRequired":true,"valueName":"search_term_string"}}],"inLanguage":"en-US"},{"@type":"Organization","@id":"https:\/\/projetopack.com.br\/#organization","name":"ProjetoPack & Associados","url":"https:\/\/projetopack.com.br\/","logo":{"@type":"ImageObject","inLanguage":"en-US","@id":"https:\/\/projetopack.com.br\/#\/schema\/logo\/image\/","url":"https:\/\/projetopack.com.br\/wp-content\/uploads\/2020\/09\/projetopack.png","contentUrl":"https:\/\/projetopack.com.br\/wp-content\/uploads\/2020\/09\/projetopack.png","width":200,"height":200,"caption":"ProjetoPack & Associados"},"image":{"@id":"https:\/\/projetopack.com.br\/#\/schema\/logo\/image\/"},"sameAs":["https:\/\/x.com\/ProjetoPack","https:\/\/www.linkedin.com\/company\/projetopack\/"]}]}},"description":{"rendered":"<p class=\"attachment\"><a href='https:\/\/projetopack.com.br\/wp-content\/uploads\/2020\/11\/noticia-reciclagem.jpg'><img fetchpriority=\"high\" decoding=\"async\" width=\"300\" height=\"184\" src=\"https:\/\/projetopack.com.br\/wp-content\/uploads\/2020\/11\/noticia-reciclagem-300x184.jpg\" class=\"attachment-medium size-medium\" alt=\"\" srcset=\"https:\/\/projetopack.com.br\/wp-content\/uploads\/2020\/11\/noticia-reciclagem-300x184.jpg 300w, https:\/\/projetopack.com.br\/wp-content\/uploads\/2020\/11\/noticia-reciclagem-600x367.jpg 600w, https:\/\/projetopack.com.br\/wp-content\/uploads\/2020\/11\/noticia-reciclagem-768x470.jpg 768w, https:\/\/projetopack.com.br\/wp-content\/uploads\/2020\/11\/noticia-reciclagem-16x10.jpg 16w, https:\/\/projetopack.com.br\/wp-content\/uploads\/2020\/11\/noticia-reciclagem.jpg 980w\" sizes=\"(max-width: 300px) 100vw, 300px\" \/><\/a><\/p>\n"},"caption":{"rendered":""},"alt_text":"","media_type":"image","mime_type":"image\/jpeg","media_details":{"width":980,"height":600,"file":"2020\/11\/noticia-reciclagem.jpg","filesize":268844,"sizes":{"woocommerce_thumbnail":{"file":"noticia-reciclagem-300x184.jpg","width":300,"height":184,"filesize":19675,"uncropped":true,"mime_type":"image\/jpeg","source_url":"https:\/\/projetopack.com.br\/wp-content\/uploads\/2020\/11\/noticia-reciclagem-300x184.jpg"},"woocommerce_gallery_thumbnail":{"file":"noticia-reciclagem-100x100.jpg","width":100,"height":100,"filesize":4851,"mime_type":"image\/jpeg","source_url":"https:\/\/projetopack.com.br\/wp-content\/uploads\/2020\/11\/noticia-reciclagem-100x100.jpg"},"woocommerce_single":{"file":"noticia-reciclagem-600x367.jpg","width":600,"height":367,"filesize":67978,"mime_type":"image\/jpeg","source_url":"https:\/\/projetopack.com.br\/wp-content\/uploads\/2020\/11\/noticia-reciclagem-600x367.jpg"},"medium":{"file":"noticia-reciclagem-300x184.jpg","width":"300","height":"184","mime_type":"image\/jpeg","source_url":"https:\/\/projetopack.com.br\/wp-content\/uploads\/2020\/11\/noticia-reciclagem-300x184.jpg"},"thumbnail":{"file":"noticia-reciclagem-150x150.jpg","width":"150","height":"150","mime_type":"image\/jpeg","source_url":"https:\/\/projetopack.com.br\/wp-content\/uploads\/2020\/11\/noticia-reciclagem-150x150.jpg"},"medium_large":{"file":"noticia-reciclagem-768x470.jpg","width":"768","height":"470","mime_type":"image\/jpeg","source_url":"https:\/\/projetopack.com.br\/wp-content\/uploads\/2020\/11\/noticia-reciclagem-768x470.jpg"},"trp-custom-language-flag":{"file":"noticia-reciclagem-16x10.jpg","width":"16","height":"10","mime_type":"image\/jpeg","source_url":"https:\/\/projetopack.com.br\/wp-content\/uploads\/2020\/11\/noticia-reciclagem-16x10.jpg"},"quadrada":{"file":"noticia-reciclagem-600x600.jpg","width":"600","height":"600","mime_type":"image\/jpeg","source_url":"https:\/\/projetopack.com.br\/wp-content\/uploads\/2020\/11\/noticia-reciclagem-600x600.jpg"},"full":{"file":"noticia-reciclagem.jpg","width":980,"height":600,"mime_type":"image\/jpeg","source_url":"https:\/\/projetopack.com.br\/wp-content\/uploads\/2020\/11\/noticia-reciclagem.jpg"}},"image_meta":{"aperture":"0","credit":"","camera":"","caption":"","created_timestamp":"0","copyright":"","focal_length":"0","iso":"0","shutter_speed":"0","title":"","orientation":"0","keywords":[]}},"post":7890,"source_url":"https:\/\/projetopack.com.br\/wp-content\/uploads\/2020\/11\/noticia-reciclagem.jpg","_links":{"self":[{"href":"https:\/\/projetopack.com.br\/en\/wp-json\/wp\/v2\/media\/7891","targetHints":{"allow":["GET"]}}],"collection":[{"href":"https:\/\/projetopack.com.br\/en\/wp-json\/wp\/v2\/media"}],"about":[{"href":"https:\/\/projetopack.com.br\/en\/wp-json\/wp\/v2\/types\/attachment"}],"author":[{"embeddable":true,"href":"https:\/\/projetopack.com.br\/en\/wp-json\/wp\/v2\/users\/18"}],"replies":[{"embeddable":true,"href":"https:\/\/projetopack.com.br\/en\/wp-json\/wp\/v2\/comments?post=7891"}],"wp:attached-to":[{"embeddable":true,"post_type":"post","id":7890,"href":"https:\/\/projetopack.com.br\/en\/wp-json\/wp\/v2\/posts\/7890"}],"curies":[{"name":"wp","href":"https:\/\/api.w.org\/{rel}","templated":true}]}}

<!-- This site is optimized with the Yoast SEO Premium plugin v27.1 (Yoast SEO v27.1.1) - https://yoast.com/product/yoast-seo-premium-wordpress/ -->
<title>noticia-reciclagem - ProjetoPack</title>
<meta name="robots" content="index, follow, max-snippet:-1, max-image-preview:large, max-video-preview:-1" />
<link rel="canonical" href="https://projetopack.com.br/wp-content/uploads/2020/11/noticia-reciclagem.jpg" />
<meta property="og:locale" content="en_US" />
<meta property="og:type" content="article" />
<meta property="og:title" content="noticia-reciclagem - ProjetoPack" />
<meta property="og:url" content="https://projetopack.com.br/wp-content/uploads/2020/11/noticia-reciclagem.jpg" />
<meta property="og:site_name" content="ProjetoPack" />
<meta property="og:image" content="https://projetopack.com.br/wp-content/uploads/2020/11/noticia-reciclagem.jpg" />
	<meta property="og:image:width" content="980" />
	<meta property="og:image:height" content="600" />
	<meta property="og:image:type" content="image/jpeg" />
<meta name="twitter:card" content="summary_large_image" />
<meta name="twitter:site" content="@ProjetoPack" />
<script type="application/ld+json" class="yoast-schema-graph">{"@context":"https://schema.org","@graph":[{"@type":"WebPage","@id":"https://projetopack.com.br/wp-content/uploads/2020/11/noticia-reciclagem.jpg","url":"https://projetopack.com.br/wp-content/uploads/2020/11/noticia-reciclagem.jpg","name":"noticia-reciclagem - ProjetoPack","isPartOf":{"@id":"https://projetopack.com.br/#website"},"datePublished":"2020-11-12T20:33:05+00:00","breadcrumb":{"@id":"https://projetopack.com.br/wp-content/uploads/2020/11/noticia-reciclagem.jpg#breadcrumb"},"inLanguage":"en-US","potentialAction":[{"@type":"ReadAction","target":["https://projetopack.com.br/wp-content/uploads/2020/11/noticia-reciclagem.jpg"]}]},{"@type":"BreadcrumbList","@id":"https://projetopack.com.br/wp-content/uploads/2020/11/noticia-reciclagem.jpg#breadcrumb","itemListElement":[{"@type":"ListItem","position":1,"name":"Página Inicial","item":"https://projetopack.com.br/"},{"@type":"ListItem","position":2,"name":"Opinião","item":"https://projetopack.com.br/en/category/opiniao/"},{"@type":"ListItem","position":3,"name":"Raspas e Restos Também Me Interessam: Desafios e Soluções para a Adoção do Modelo Circular","item":"https://projetopack.com.br/en/raspas-e-restos-tambem-me-interessam-desafios-e-solucoes-para-a-adocao-do-modelo-circular/"},{"@type":"ListItem","position":4,"name":"noticia-reciclagem"}]},{"@type":"WebSite","@id":"https://projetopack.com.br/#website","url":"https://projetopack.com.br/","name":"ProjetoPack","description":"Consultoria e serviços para embalagens, rótulos, etiquetas e processos de impressão","publisher":{"@id":"https://projetopack.com.br/#organization"},"potentialAction":[{"@type":"SearchAction","target":{"@type":"EntryPoint","urlTemplate":"https://projetopack.com.br/?s={search_term_string}"},"query-input":{"@type":"PropertyValueSpecification","valueRequired":true,"valueName":"search_term_string"}}],"inLanguage":"en-US"},{"@type":"Organization","@id":"https://projetopack.com.br/#organization","name":"ProjetoPack & Associados","url":"https://projetopack.com.br/","logo":{"@type":"ImageObject","inLanguage":"en-US","@id":"https://projetopack.com.br/#/schema/logo/image/","url":"https://projetopack.com.br/wp-content/uploads/2020/09/projetopack.png","contentUrl":"https://projetopack.com.br/wp-content/uploads/2020/09/projetopack.png","width":200,"height":200,"caption":"ProjetoPack & Associados"},"image":{"@id":"https://projetopack.com.br/#/schema/logo/image/"},"sameAs":["https://x.com/ProjetoPack","https://www.linkedin.com/company/projetopack/"]}]}</script>
<!-- / Yoast SEO Premium plugin. -->

Página Inicial

Opinião

Raspas e Restos Também Me Interessam: Desafios e Soluções para a Adoção do Modelo Circular

Consultoria e serviços para embalagens, rótulos, etiquetas e processos de impressão
