{"id":292,"date":"2017-07-01T17:05:19","date_gmt":"2017-07-01T20:05:19","guid":{"rendered":"https:\/\/projetopack.com.br\/restrito\/?post_type=revistas&#038;p=292"},"modified":"2026-02-18T20:45:53","modified_gmt":"2026-02-18T23:45:53","slug":"edicao-62-jul-ago-2017","status":"publish","type":"revistas","link":"https:\/\/projetopack.com.br\/restrito\/revistas\/edicao-62-jul-ago-2017\/","title":{"rendered":"Edi\u00e7\u00e3o 62 \u2013 jul\/ago 2017"},"content":{"rendered":"<p><strong>ESPECIAL M\u00c1QUINAS IMPRESSORAS<\/strong><br \/>\nPanorama geral e tend\u00eancias<\/p>\n<p>Saiba ainda:<\/p>\n<p>Tudo sobre a CIF 2017<\/p>\n<p>Pr\u00e9-impress\u00e3o<\/p>\n<p>Clich\u00eas com microtextura<\/p>\n<p>Blindagem de etiquetas<\/p>\n<p>E muito mais!<\/p>\n<hr \/>\n<p>Capa: \u201cMeu papai impressor\u201d, por Isabella, 6 anos de idade<\/p>\n","protected":false},"featured_media":293,"template":"","idioma":[17],"ano":[24],"class_list":["post-292","revistas","type-revistas","status-publish","has-post-thumbnail","hentry","idioma-portugues","ano-24"],"yoast_head":"<!-- This site is optimized with the Yoast SEO plugin v27.1.1 - https:\/\/yoast.com\/product\/yoast-seo-wordpress\/ -->\n<title>Edi\u00e7\u00e3o 62 \u2013 jul\/ago 2017 - Projeto pack<\/title>\n<meta name=\"robots\" content=\"index, follow, max-snippet:-1, max-image-preview:large, max-video-preview:-1\" \/>\n<link rel=\"canonical\" href=\"https:\/\/projetopack.com.br\/restrito\/revistas\/edicao-62-jul-ago-2017\/\" \/>\n<meta property=\"og:locale\" content=\"pt_BR\" \/>\n<meta property=\"og:type\" content=\"article\" \/>\n<meta property=\"og:title\" content=\"Edi\u00e7\u00e3o 62 \u2013 jul\/ago 2017 - Projeto pack\" \/>\n<meta property=\"og:description\" content=\"ESPECIAL M\u00c1QUINAS IMPRESSORAS Panorama geral e tend\u00eancias Saiba ainda: Tudo sobre a CIF 2017 Pr\u00e9-impress\u00e3o Clich\u00eas com microtextura Blindagem de etiquetas E muito mais! Capa: \u201cMeu papai impressor\u201d, por Isabella, 6 anos de idade\" \/>\n<meta property=\"og:url\" content=\"https:\/\/projetopack.com.br\/restrito\/revistas\/edicao-62-jul-ago-2017\/\" \/>\n<meta property=\"og:site_name\" content=\"Projeto pack\" \/>\n<meta property=\"article:modified_time\" content=\"2026-02-18T23:45:53+00:00\" \/>\n<meta property=\"og:image\" content=\"https:\/\/projetopack.com.br\/restrito\/wp-content\/uploads\/2025\/05\/Capa_ed-62-scaled.jpg\" \/>\n\t<meta property=\"og:image:width\" content=\"1919\" \/>\n\t<meta property=\"og:image:height\" content=\"2560\" \/>\n\t<meta property=\"og:image:type\" content=\"image\/jpeg\" \/>\n<meta name=\"twitter:card\" content=\"summary_large_image\" \/>\n<meta name=\"twitter:label1\" content=\"Est. tempo de leitura\" \/>\n\t<meta name=\"twitter:data1\" content=\"1 minuto\" \/>\n<script type=\"application\/ld+json\" class=\"yoast-schema-graph\">{\"@context\":\"https:\/\/schema.org\",\"@graph\":[{\"@type\":\"WebPage\",\"@id\":\"https:\/\/projetopack.com.br\/restrito\/revistas\/edicao-62-jul-ago-2017\/\",\"url\":\"https:\/\/projetopack.com.br\/restrito\/revistas\/edicao-62-jul-ago-2017\/\",\"name\":\"Edi\u00e7\u00e3o 62 \u2013 jul\/ago 2017 - Projeto pack\",\"isPartOf\":{\"@id\":\"https:\/\/projetopack.com.br\/restrito\/#website\"},\"primaryImageOfPage\":{\"@id\":\"https:\/\/projetopack.com.br\/restrito\/revistas\/edicao-62-jul-ago-2017\/#primaryimage\"},\"image\":{\"@id\":\"https:\/\/projetopack.com.br\/restrito\/revistas\/edicao-62-jul-ago-2017\/#primaryimage\"},\"thumbnailUrl\":\"https:\/\/projetopack.com.br\/restrito\/wp-content\/uploads\/2025\/05\/Capa_ed-62-scaled.jpg\",\"datePublished\":\"2017-07-01T20:05:19+00:00\",\"dateModified\":\"2026-02-18T23:45:53+00:00\",\"breadcrumb\":{\"@id\":\"https:\/\/projetopack.com.br\/restrito\/revistas\/edicao-62-jul-ago-2017\/#breadcrumb\"},\"inLanguage\":\"pt-BR\",\"potentialAction\":[{\"@type\":\"ReadAction\",\"target\":[\"https:\/\/projetopack.com.br\/restrito\/revistas\/edicao-62-jul-ago-2017\/\"]}]},{\"@type\":\"ImageObject\",\"inLanguage\":\"pt-BR\",\"@id\":\"https:\/\/projetopack.com.br\/restrito\/revistas\/edicao-62-jul-ago-2017\/#primaryimage\",\"url\":\"https:\/\/projetopack.com.br\/restrito\/wp-content\/uploads\/2025\/05\/Capa_ed-62-scaled.jpg\",\"contentUrl\":\"https:\/\/projetopack.com.br\/restrito\/wp-content\/uploads\/2025\/05\/Capa_ed-62-scaled.jpg\",\"width\":1919,\"height\":2560,\"caption\":\"ESPECIAL M\u00c1QUINAS IMPRESSORAS Panorama geral e tend\u00eancias Saiba ainda: Tudo sobre a CIF 2017 Pr\u00e9-impress\u00e3o Clich\u00eas com microtextura Blindagem de etiquetas E muito mais! Capa: \u201cMeu papai impressor\u201d, por Isabella, 6 anos de idade\"},{\"@type\":\"BreadcrumbList\",\"@id\":\"https:\/\/projetopack.com.br\/restrito\/revistas\/edicao-62-jul-ago-2017\/#breadcrumb\",\"itemListElement\":[{\"@type\":\"ListItem\",\"position\":1,\"name\":\"In\u00edcio\",\"item\":\"https:\/\/projetopack.com.br\/restrito\/\"},{\"@type\":\"ListItem\",\"position\":2,\"name\":\"Revistas\",\"item\":\"https:\/\/projetopack.com.br\/restrito\/revistas\/\"},{\"@type\":\"ListItem\",\"position\":3,\"name\":\"Edi\u00e7\u00e3o 62 \u2013 jul\/ago 2017\"}]},{\"@type\":\"WebSite\",\"@id\":\"https:\/\/projetopack.com.br\/restrito\/#website\",\"url\":\"https:\/\/projetopack.com.br\/restrito\/\",\"name\":\"Projeto pack\",\"description\":\"\",\"publisher\":{\"@id\":\"https:\/\/projetopack.com.br\/restrito\/#organization\"},\"potentialAction\":[{\"@type\":\"SearchAction\",\"target\":{\"@type\":\"EntryPoint\",\"urlTemplate\":\"https:\/\/projetopack.com.br\/restrito\/?s={search_term_string}\"},\"query-input\":{\"@type\":\"PropertyValueSpecification\",\"valueRequired\":true,\"valueName\":\"search_term_string\"}}],\"inLanguage\":\"pt-BR\"},{\"@type\":\"Organization\",\"@id\":\"https:\/\/projetopack.com.br\/restrito\/#organization\",\"name\":\"Projeto pack\",\"url\":\"https:\/\/projetopack.com.br\/restrito\/\",\"logo\":{\"@type\":\"ImageObject\",\"inLanguage\":\"pt-BR\",\"@id\":\"https:\/\/projetopack.com.br\/restrito\/#\/schema\/logo\/image\/\",\"url\":\"https:\/\/projetopack.com.br\/restrito\/wp-content\/uploads\/2025\/04\/Logo-ProjetoPack-2016-Horizontal-BCO-250px-1.png\",\"contentUrl\":\"https:\/\/projetopack.com.br\/restrito\/wp-content\/uploads\/2025\/04\/Logo-ProjetoPack-2016-Horizontal-BCO-250px-1.png\",\"width\":363,\"height\":164,\"caption\":\"Projeto pack\"},\"image\":{\"@id\":\"https:\/\/projetopack.com.br\/restrito\/#\/schema\/logo\/image\/\"}}]}<\/script>\n<!-- \/ Yoast SEO plugin. -->","yoast_head_json":{"title":"Edi\u00e7\u00e3o 62 \u2013 jul\/ago 2017 - Projeto pack","robots":{"index":"index","follow":"follow","max-snippet":"max-snippet:-1","max-image-preview":"max-image-preview:large","max-video-preview":"max-video-preview:-1"},"canonical":"https:\/\/projetopack.com.br\/restrito\/revistas\/edicao-62-jul-ago-2017\/","og_locale":"pt_BR","og_type":"article","og_title":"Edi\u00e7\u00e3o 62 \u2013 jul\/ago 2017 - Projeto pack","og_description":"ESPECIAL M\u00c1QUINAS IMPRESSORAS Panorama geral e tend\u00eancias Saiba ainda: Tudo sobre a CIF 2017 Pr\u00e9-impress\u00e3o Clich\u00eas com microtextura Blindagem de etiquetas E muito mais! Capa: \u201cMeu papai impressor\u201d, por Isabella, 6 anos de idade","og_url":"https:\/\/projetopack.com.br\/restrito\/revistas\/edicao-62-jul-ago-2017\/","og_site_name":"Projeto pack","article_modified_time":"2026-02-18T23:45:53+00:00","og_image":[{"width":1919,"height":2560,"url":"https:\/\/projetopack.com.br\/restrito\/wp-content\/uploads\/2025\/05\/Capa_ed-62-scaled.jpg","type":"image\/jpeg"}],"twitter_card":"summary_large_image","twitter_misc":{"Est. tempo de leitura":"1 minuto"},"schema":{"@context":"https:\/\/schema.org","@graph":[{"@type":"WebPage","@id":"https:\/\/projetopack.com.br\/restrito\/revistas\/edicao-62-jul-ago-2017\/","url":"https:\/\/projetopack.com.br\/restrito\/revistas\/edicao-62-jul-ago-2017\/","name":"Edi\u00e7\u00e3o 62 \u2013 jul\/ago 2017 - Projeto pack","isPartOf":{"@id":"https:\/\/projetopack.com.br\/restrito\/#website"},"primaryImageOfPage":{"@id":"https:\/\/projetopack.com.br\/restrito\/revistas\/edicao-62-jul-ago-2017\/#primaryimage"},"image":{"@id":"https:\/\/projetopack.com.br\/restrito\/revistas\/edicao-62-jul-ago-2017\/#primaryimage"},"thumbnailUrl":"https:\/\/projetopack.com.br\/restrito\/wp-content\/uploads\/2025\/05\/Capa_ed-62-scaled.jpg","datePublished":"2017-07-01T20:05:19+00:00","dateModified":"2026-02-18T23:45:53+00:00","breadcrumb":{"@id":"https:\/\/projetopack.com.br\/restrito\/revistas\/edicao-62-jul-ago-2017\/#breadcrumb"},"inLanguage":"pt-BR","potentialAction":[{"@type":"ReadAction","target":["https:\/\/projetopack.com.br\/restrito\/revistas\/edicao-62-jul-ago-2017\/"]}]},{"@type":"ImageObject","inLanguage":"pt-BR","@id":"https:\/\/projetopack.com.br\/restrito\/revistas\/edicao-62-jul-ago-2017\/#primaryimage","url":"https:\/\/projetopack.com.br\/restrito\/wp-content\/uploads\/2025\/05\/Capa_ed-62-scaled.jpg","contentUrl":"https:\/\/projetopack.com.br\/restrito\/wp-content\/uploads\/2025\/05\/Capa_ed-62-scaled.jpg","width":1919,"height":2560,"caption":"ESPECIAL M\u00c1QUINAS IMPRESSORAS Panorama geral e tend\u00eancias Saiba ainda: Tudo sobre a CIF 2017 Pr\u00e9-impress\u00e3o Clich\u00eas com microtextura Blindagem de etiquetas E muito mais! Capa: \u201cMeu papai impressor\u201d, por Isabella, 6 anos de idade"},{"@type":"BreadcrumbList","@id":"https:\/\/projetopack.com.br\/restrito\/revistas\/edicao-62-jul-ago-2017\/#breadcrumb","itemListElement":[{"@type":"ListItem","position":1,"name":"In\u00edcio","item":"https:\/\/projetopack.com.br\/restrito\/"},{"@type":"ListItem","position":2,"name":"Revistas","item":"https:\/\/projetopack.com.br\/restrito\/revistas\/"},{"@type":"ListItem","position":3,"name":"Edi\u00e7\u00e3o 62 \u2013 jul\/ago 2017"}]},{"@type":"WebSite","@id":"https:\/\/projetopack.com.br\/restrito\/#website","url":"https:\/\/projetopack.com.br\/restrito\/","name":"Projeto pack","description":"","publisher":{"@id":"https:\/\/projetopack.com.br\/restrito\/#organization"},"potentialAction":[{"@type":"SearchAction","target":{"@type":"EntryPoint","urlTemplate":"https:\/\/projetopack.com.br\/restrito\/?s={search_term_string}"},"query-input":{"@type":"PropertyValueSpecification","valueRequired":true,"valueName":"search_term_string"}}],"inLanguage":"pt-BR"},{"@type":"Organization","@id":"https:\/\/projetopack.com.br\/restrito\/#organization","name":"Projeto pack","url":"https:\/\/projetopack.com.br\/restrito\/","logo":{"@type":"ImageObject","inLanguage":"pt-BR","@id":"https:\/\/projetopack.com.br\/restrito\/#\/schema\/logo\/image\/","url":"https:\/\/projetopack.com.br\/restrito\/wp-content\/uploads\/2025\/04\/Logo-ProjetoPack-2016-Horizontal-BCO-250px-1.png","contentUrl":"https:\/\/projetopack.com.br\/restrito\/wp-content\/uploads\/2025\/04\/Logo-ProjetoPack-2016-Horizontal-BCO-250px-1.png","width":363,"height":164,"caption":"Projeto pack"},"image":{"@id":"https:\/\/projetopack.com.br\/restrito\/#\/schema\/logo\/image\/"}}]}},"_links":{"self":[{"href":"https:\/\/projetopack.com.br\/restrito\/wp-json\/wp\/v2\/revistas\/292","targetHints":{"allow":["GET"]}}],"collection":[{"href":"https:\/\/projetopack.com.br\/restrito\/wp-json\/wp\/v2\/revistas"}],"about":[{"href":"https:\/\/projetopack.com.br\/restrito\/wp-json\/wp\/v2\/types\/revistas"}],"wp:featuredmedia":[{"embeddable":true,"href":"https:\/\/projetopack.com.br\/restrito\/wp-json\/wp\/v2\/media\/293"}],"wp:attachment":[{"href":"https:\/\/projetopack.com.br\/restrito\/wp-json\/wp\/v2\/media?parent=292"}],"wp:term":[{"taxonomy":"idioma","embeddable":true,"href":"https:\/\/projetopack.com.br\/restrito\/wp-json\/wp\/v2\/idioma?post=292"},{"taxonomy":"ano","embeddable":true,"href":"https:\/\/projetopack.com.br\/restrito\/wp-json\/wp\/v2\/ano?post=292"}],"curies":[{"name":"wp","href":"https:\/\/api.w.org\/{rel}","templated":true}]}}

Edição 62 – jul/ago 2017

<p><strong>ESPECIAL MÁQUINAS IMPRESSORAS</strong><br />
Panorama geral e tendências</p>
<p>Saiba ainda:</p>
<p>Tudo sobre a CIF 2017</p>
<p>Pré-impressão</p>
<p>Clichês com microtextura</p>
<p>Blindagem de etiquetas</p>
<p>E muito mais!</p>
<hr />
<p>Capa: “Meu papai impressor”, por Isabella, 6 anos de idade</p>

<!-- This site is optimized with the Yoast SEO plugin v27.1.1 - https://yoast.com/product/yoast-seo-wordpress/ -->
<title>Edição 62 – jul/ago 2017 - Projeto pack</title>
<meta name="robots" content="index, follow, max-snippet:-1, max-image-preview:large, max-video-preview:-1" />
<link rel="canonical" href="https://projetopack.com.br/restrito/revistas/edicao-62-jul-ago-2017/" />
<meta property="og:locale" content="pt_BR" />
<meta property="og:type" content="article" />
<meta property="og:title" content="Edição 62 – jul/ago 2017 - Projeto pack" />
<meta property="og:description" content="ESPECIAL MÁQUINAS IMPRESSORAS Panorama geral e tendências Saiba ainda: Tudo sobre a CIF 2017 Pré-impressão Clichês com microtextura Blindagem de etiquetas E muito mais! Capa: “Meu papai impressor”, por Isabella, 6 anos de idade" />
<meta property="og:url" content="https://projetopack.com.br/restrito/revistas/edicao-62-jul-ago-2017/" />
<meta property="og:site_name" content="Projeto pack" />
<meta property="article:modified_time" content="2026-02-18T23:45:53+00:00" />
<meta property="og:image" content="https://projetopack.com.br/restrito/wp-content/uploads/2025/05/Capa_ed-62-scaled.jpg" />
	<meta property="og:image:width" content="1919" />
	<meta property="og:image:height" content="2560" />
	<meta property="og:image:type" content="image/jpeg" />
<meta name="twitter:card" content="summary_large_image" />
<meta name="twitter:label1" content="Est. tempo de leitura" />
	<meta name="twitter:data1" content="1 minuto" />
<script type="application/ld+json" class="yoast-schema-graph">{"@context":"https://schema.org","@graph":[{"@type":"WebPage","@id":"https://projetopack.com.br/restrito/revistas/edicao-62-jul-ago-2017/","url":"https://projetopack.com.br/restrito/revistas/edicao-62-jul-ago-2017/","name":"Edição 62 – jul/ago 2017 - Projeto pack","isPartOf":{"@id":"https://projetopack.com.br/restrito/#website"},"primaryImageOfPage":{"@id":"https://projetopack.com.br/restrito/revistas/edicao-62-jul-ago-2017/#primaryimage"},"image":{"@id":"https://projetopack.com.br/restrito/revistas/edicao-62-jul-ago-2017/#primaryimage"},"thumbnailUrl":"https://projetopack.com.br/restrito/wp-content/uploads/2025/05/Capa_ed-62-scaled.jpg","datePublished":"2017-07-01T20:05:19+00:00","dateModified":"2026-02-18T23:45:53+00:00","breadcrumb":{"@id":"https://projetopack.com.br/restrito/revistas/edicao-62-jul-ago-2017/#breadcrumb"},"inLanguage":"pt-BR","potentialAction":[{"@type":"ReadAction","target":["https://projetopack.com.br/restrito/revistas/edicao-62-jul-ago-2017/"]}]},{"@type":"ImageObject","inLanguage":"pt-BR","@id":"https://projetopack.com.br/restrito/revistas/edicao-62-jul-ago-2017/#primaryimage","url":"https://projetopack.com.br/restrito/wp-content/uploads/2025/05/Capa_ed-62-scaled.jpg","contentUrl":"https://projetopack.com.br/restrito/wp-content/uploads/2025/05/Capa_ed-62-scaled.jpg","width":1919,"height":2560,"caption":"ESPECIAL MÁQUINAS IMPRESSORAS Panorama geral e tendências Saiba ainda: Tudo sobre a CIF 2017 Pré-impressão Clichês com microtextura Blindagem de etiquetas E muito mais! Capa: “Meu papai impressor”, por Isabella, 6 anos de idade"},{"@type":"BreadcrumbList","@id":"https://projetopack.com.br/restrito/revistas/edicao-62-jul-ago-2017/#breadcrumb","itemListElement":[{"@type":"ListItem","position":1,"name":"Início","item":"https://projetopack.com.br/restrito/"},{"@type":"ListItem","position":2,"name":"Revistas","item":"https://projetopack.com.br/restrito/revistas/"},{"@type":"ListItem","position":3,"name":"Edição 62 – jul/ago 2017"}]},{"@type":"WebSite","@id":"https://projetopack.com.br/restrito/#website","url":"https://projetopack.com.br/restrito/","name":"Projeto pack","description":"","publisher":{"@id":"https://projetopack.com.br/restrito/#organization"},"potentialAction":[{"@type":"SearchAction","target":{"@type":"EntryPoint","urlTemplate":"https://projetopack.com.br/restrito/?s={search_term_string}"},"query-input":{"@type":"PropertyValueSpecification","valueRequired":true,"valueName":"search_term_string"}}],"inLanguage":"pt-BR"},{"@type":"Organization","@id":"https://projetopack.com.br/restrito/#organization","name":"Projeto pack","url":"https://projetopack.com.br/restrito/","logo":{"@type":"ImageObject","inLanguage":"pt-BR","@id":"https://projetopack.com.br/restrito/#/schema/logo/image/","url":"https://projetopack.com.br/restrito/wp-content/uploads/2025/04/Logo-ProjetoPack-2016-Horizontal-BCO-250px-1.png","contentUrl":"https://projetopack.com.br/restrito/wp-content/uploads/2025/04/Logo-ProjetoPack-2016-Horizontal-BCO-250px-1.png","width":363,"height":164,"caption":"Projeto pack"},"image":{"@id":"https://projetopack.com.br/restrito/#/schema/logo/image/"}}]}</script>
<!-- / Yoast SEO plugin. -->

Edição 62 – jul/ago 2017 - Projeto pack

ESPECIAL MÁQUINAS IMPRESSORAS Panorama geral e tendências Saiba ainda: Tudo sobre a CIF 2017 Pré-impressão Clichês com microtextura Blindagem de etiquetas E muito mais! Capa: “Meu papai impressor”, por Isabella, 6 anos de idade

Início
